**3 - v**2. Suppose -4*d + 3 = -3*q - 8, 4*d - 2*q = 6. Let f be l(d). Let k = f - -1. Is k composite?
False
Let b be (-157)/(-5) - (-10)/(-25). Suppose -b = 3*d - 4*d. Is d a prime number?
True
Let d = 11 + -7. Suppose d*o - 227 = 3*v, -5*o + 5*v + 278 + 12 = 0. Is o a prime number?
True
Let p(w) be the third derivative of 157*w**5/60 + w**4/24 + w**3/6 + w**2. Is p(-1) a prime number?
True
Let n(q) = -2*q + 71. Let j(l) = 3*l - 70. Let g(y) = 3*j(y) + 4*n(y). Let w be g(0). Suppose z - w = -z. Is z a composite number?
False
Let v = -11 + 6. Let x(r) = -r - 3. Let j be x(v). Suppose 437 = 5*g - 3*k, -5*k - 68 = -j*g + 122. Is g prime?
False
Let t(q) = 16*q**2 - 21*q - 3. Is t(6) a composite number?
True
Let q(x) = -x**2 - x + 6. Let i be q(0). Suppose 1 = -g, n + i*g = g + 44. Is n prime?
False
Suppose -18 = -j - 2*j. Suppose -24 = -j*r + 2*r. Is r composite?
True
Let i = -393 - -214. Let p = -94 - i. Is p prime?
False
Let l be 0*(1 - (-2)/(-1)). Let a(r) = 5*r**3 - r**2 - 5 - 2*r**3 + 6*r - 2*r**3 + l*r**2. Is a(6) composite?
False
Let g = 2870 + -1509. Is g a composite number?
False
Let p = 8 - 6. Let z(s) = -2*s + s**2 + 2*s**2 + 4 - 6*s**p - 2*s**3. Is z(-3) prime?
True
Let x = 345 + 401. Is x composite?
True
Let j = 4286 + -2137. Is j a prime number?
False
Is 3/6 - (-7602)/4 a composite number?
False
Let l(m) = 8*m**2 - 6*m + 8. Let t(b) = -7*b**2 + 5*b - 7. Let a(q) = -6*l(q) - 7*t(q). Let w be a(-1). Is 6/(1 - -2)*w prime?
True
Suppose 3358 = d - 271. Is d a prime number?
False
Let w be (-2)/4*566*-1. Suppose -g + s = -140, -w = -2*g - 0*g + s. Is g a composite number?
True
Suppose -5*y = -123 - 32. Let s = 44 - y. Is s a prime number?
True
Let f = 971 - 640. Is f a composite number?
False
Let v = 62 + 447. Is v a prime number?
True
Let t = 47 - -284. Is t a composite number?
False
Let p(w) = 35*w**3 - 4*w**2 + 2*w + 4. Is p(3) a composite number?
False
Is 203*(1/2)/(6/12) prime?
False
Let g(a) = 10*a**3 + 2*a - 1. Let x be g(1). Let d = x + -8. Is 1 - ((-3)/d - 65) prime?
True
Let b be (-4)/6*876/(-8). Suppose -2*z + 4*g = -294, 5*z + 2*g - 784 = -b. Is z a composite number?
True
Is 325 - (-4 + 4) - -2 a composite number?
True
Let t(g) = -222*g - 29. Is t(-9) a prime number?
False
Suppose -5*i - 3*j + 386 - 16 = 0, -5*j = 2*i - 129. Is i a composite number?
True
Let d(c) = c**2 + 4*c - 1. Let a be d(-4). Let h be (-1 + -2)*a*1. Suppose -2*b + 3*x + 106 = 0, h*b - x - 58 = 101. Is b prime?
True
Let d(g) = g**3 + 7*g**2 + 5*g + 3. Is d(-4) a prime number?
True
Suppose -4*q - 2 = -18. Suppose -2*n + 10 = 0, 3 = -5*b - q*n + 8. Is 300/8*(-2)/b composite?
True
Suppose -3*h + 2*u = 4, 2*u + 0 = -4*h + 18. Let y be (-1)/h + 7/14. Suppose y = -0*v + v - 11. Is v a prime number?
True
Let b be ((-2)/(-3))/(2/213). Let g = b - 136. Let z = g - -102. Is z a prime number?
True
Let f(d) be the first derivative of -d**6/60 - d**5/15 + d**4/8 - 5*d**3/6 - d**2 + 1. Let v(o) be the second derivative of f(o). Is v(-4) prime?
True
Suppose -4*s = -0*s. Let h be (s + -3)/((-6)/(-4)). Is 13 + (h + 2)/2 a prime number?
True
Suppose 8 = -2*i - 4*j, -5*i - 5*j = 6 + 4. Suppose i*g = -g + 68. Suppose 2*y = 98 + g. Is y a composite number?
False
Suppose -31 = -r + 2*s + 2*s, -4*s = 4*r - 24. Suppose p - 3 = r. Is p prime?
False
Let k(t) = -2*t**3 - 12*t**2 - 4. Is k(-9) composite?
True
Is 1 - (-1 - -2 - 1565) a composite number?
True
Let n(s) = 2*s**2 - 13*s - 7. Let d be n(6). Is 10 + d + (-1 - -13) prime?
False
Let n = -20 + 5. Is (13 + n)/(2/(-251)) composite?
False
Suppose 4*i - 4 = -4*t, 3*t = -2*i + 3*i - 17. Suppose -f + 0 + 5 = 0. Suppose -38 = s + i*o - 102, -f*o = -s + 94. Is s a prime number?
True
Suppose -3*y - 1 = 5*k + 274, 183 = -4*k + 5*y. Let d = -5 - k. Is d composite?
False
Suppose 80 = 3*g - 5*i, -3*g + 0*g + i + 76 = 0. Suppose -f - 3 = 2*p - 11, -p + g = 4*f. Suppose 0 = h - f*h, 2*h - 35 = -5*b. Is b a composite number?
False
Let q(w) = w**2 - 8*w - 7. Let j be q(8). Let m = j - -5. Is (m - -19) + (1 - -1) composite?
False
Suppose 5 = y - 0*y, -1237 = -3*s - 2*y. Is s a composite number?
False
Suppose 3*n + 0*n + 3*h = -123, 0 = 2*h. Let w = 75 + n. Is w a composite number?
True
Let k(h) be the first derivative of -h**4/4 - 7*h**3/3 - 7*h**2/2 - 2*h + 2. Let s be k(-6). Suppose 0 = s*x + 8, 5*i - 3*x - x = 103. Is i composite?
False
Suppose 7*k - 2*k = -65. Let b(p) = -p - 6. Is b(k) prime?
True
Suppose -3*w + 2*w + 4*j + 571 = 0, -j + 2939 = 5*w. Is w a composite number?
False
Let v be 2 - 1*(-2985)/(-3). Is v/(-18) - 2/12 a composite number?
True
Let t = 146 + -88. Let b = -39 + t. Is b a prime number?
True
Let j be 5/((-5)/2) - 0. Let a be (0 - 1/j)*-2. Is (a - 2) + 200/5 a composite number?
False
Suppose -3*r - 5*w = -586, r + 955 = 6*r + 4*w. Is r composite?
True
Suppose -9*u + 14*u = 3925. Is u composite?
True
Let w(x) be the second derivative of -x**4/12 + 451*x**2/2 - 6*x. Is w(0) a prime number?
False
Let u be (-9)/2*(3 - 1). Let p be (u/3 - -2)/1. Is (3 - p)*(-178)/(-8) a composite number?
False
Suppose 0*v - 1 = -o + 2*v, 5*o = 2*v + 13. Suppose -3*q + m + 34 = 0, o*q = -m + 4*m + 42. Let s(r) = 3*r - 9. Is s(q) a prime number?
False
Suppose u + 3*u = -80. Let q = u - -118. Suppose -4*v = -16, -4*g + q + 254 = -3*v. Is g a composite number?
True
Suppose -53 = g + 5*h, -5 = 5*h + 5. Let f be 0 + 0 - (-1 + -63). Let t = g + f. Is t a prime number?
False
Suppose 0 = o + 3*o - 100. Suppose 4*y - 23 - o = 0. Is ((-57)/y)/((-2)/8) a prime number?
True
Let z be -1*3*-2 + -2. Suppose 0 = z*m - m + 912. Is (-6)/(-21) - m/14 a prime number?
False
Suppose 0 = -11*m + 4*m + 4711. Is m a prime number?
True
Let n(l) = -l**2 - 1 - 4 + 7*l + 6. Is n(6) a composite number?
False
Suppose -v = -2*v - 1. Is v - 7/((-7)/180) prime?
True
Suppose 0 = 5*x - 20, 3449 = 3*f + x - 2*x. Is f composite?
False
Let p be (171 + -7)*(-2)/(-4). Let s = 39 + p. Is s a composite number?
True
Suppose 3*p + 2*p - 2605 = 0. Is p prime?
True
Let a = -6 + 0. Let r be (4/a)/(2/(-57)). Suppose -r = -2*k - 5. Is k prime?
True
Suppose 0 = -2*j + 3*l + 34, -2*l - 3*l - 80 = -5*j. Is j a composite number?
True
Let o(t) = -62*t - 7 - 23*t + 2. Is o(-6) a composite number?
True
Let k(n) = n**3 + 6*n**2 - 8*n - 6. Is k(-5) prime?
True
Let g = 3374 + -2008. Is g a prime number?
False
Let p(n) = 9*n**3 - n + 1. Let r = 4 + 1. Suppose -r*v + 0*v = -5. Is p(v) a prime number?
False
Suppose h + 3*l = -83, 2*h - 6*h - 2*l = 372. Let p = -52 - h. Is p prime?
True
Suppose -5 = -3*y + 3*w - 2, 2*y - 3*w + 2 = 0. Suppose t = y*r + 34, 5 = -r - 0*r. Is t a prime number?
False
Let o(x) = 8*x**3 - x**2 + x + 5. Is o(4) a composite number?
True
Let t = -589 - -2744. Is t a composite number?
True
Let d = -210 - -629. Is d prime?
True
Let l be (-2)/((-1)/(4 - 3)). Suppose 2*n = -l*n + 76. Is n a prime number?
True
Let f = 5 + -123. Let x = -63 - f. Is x a composite number?
True
Let i(y) = y**3 + 8*y**2 + 5. Let x be i(-8). Suppose 5*v - 91 = -4*k, -3*k + x*k - 50 = -4*v. Is k prime?
True
Is (-3)/(((-45)/582)/5) composite?
True
Suppose 3*q = -2*q + 30. Let o(g) = -g**3 + 10*g**2 - 9*g + 4. Is o(q) prime?
False
Suppose -3*f - 149 + 2510 = 0. Is f composite?
False
Is (-3)/21 - 173850/(-35) a prime number?
True
Let k be 23*(-19)/(-2)*2. Let b = k + -310. Is b a prime number?
True
Let t(r) be the second derivative of r - 1/2*r**3 + 5/6*r**4 + 0 - 3/2*r**2. Is t(-2) a prime number?
True
Suppose u - 2*u - 1 = 0. Is -215*(2/2)/u a composite number?
True
Suppose z = 3*z - 254. Is z a composite number?
False
Suppose -2*b = -262 - 184. Is b prime?
True
Suppose -20 = 4*p, 9 - 29 = 5*j + 4*p. Suppose j*r + 218 = r. Is r a composite number?
True
Let r be (19*-2)/((-4)/2). Suppose r = q - 0. Let m = q + -10. Is m a prime number?
False
Suppose 5 + 1 = -3*h. Let t be (h - -1)/((-1)/(-17)). Let p = t - -52. Is p prime?
False
Let j(z) = -z**3 - 13*z**2 + 11*z + 17. Is j(-14) a composite number?
False
Let v = 30 - 19. Let h = v + -6. Suppose 0*k - 354 = -4*k + 2*y, y - 446 = -h*k. Is k composite?
False
Let p = 23 - 58. Let h = 68 + p. Is h prime?
False
Let o = -169 + 249. Let y = 129 - o. Is y prime?
False
Suppose -6 = 2*d, s + 0*s - 5*d = 294. Let z = s + -124. Is z a composite number?
True
Suppose -4*k - 